- 35 = l. What are the prime factors of o?
7
Let h = 101 - -87. List the prime factors of h.
2, 47
Let k be ((-5)/(-2))/(6/60). Let d = 49 - k. Let a = 32 - d. What are the prime factors of a?
2
Let s be (-2)/9 - 498/(-54). Suppose 80 = -4*x + s*x. What are the prime factors of x?
2
Let l(f) = -3*f**2 - 8*f + 930. List the prime factors of l(0).
2, 3, 5, 31
Suppose -4 = 4*q, 0*a - a - 2*q = -4. Let y(v) = -v**3 + 7*v**2 - 2*v + 6. List the prime factors of y(a).
2, 3, 5
Let g(u) = -4*u**2 + 2*u**2 + 3*u**2 + 5 + u - 4*u**2. Let f be g(-4). Let d = f + 78. What are the prime factors of d?
31
Let b be 0 - (-70 - (1 - -1)). Let u = -53 + b. List the prime factors of u.
19
Let p(t) be the second derivative of t**3 + 3*t**2 + 34*t - 1. Suppose 0*s = s - 2. List the prime factors of p(s).
2, 3
Suppose 26 + 38 = -8*o. What are the prime factors of o/28 - 48/(-21)?
2
Let a be (-94 + (1 - -3))*-1. What are the prime factors of -6 + a - (0 - 2)?
2, 43
Let m(w) = w**3 - 6*w**2 + 4*w + 6. Let z be m(5). What are the prime factors of (1/2)/(z/12)?
2, 3
Let p be -1*(-1 - -3) - 23. List the prime factors of p*-8*(-4)/(-40).
2, 5
Let z(c) = -20*c**3 - 4*c**2 - 8*c - 9. List the prime factors of z(-3).
3, 173
Let g be (1*4)/((-14)/(-21)). Suppose g = -3*r + t - 178, -t - 243 = 4*r. Let x = -36 - r. List the prime factors of x.
5
Let z be (66/77)/(6/112). What are the prime factors of (4108/z + (-2)/(-8))/1?
257
Let b(s) = 88*s - 118. What are the prime factors of b(7)?
2, 3, 83
Let r(a) = 7*a**2 - 5*a - 7. Let w be r(-4). Suppose -x = 5*y - 304, 5*y - 176 = -4*x + w. List the prime factors of y.
61
Let w(s) = -303*s - 2. What are the prime factors of w(-1)?
7, 43
Suppose -3154 = -9*c - 193. What are the prime factors of c?
7, 47
Let n(t) = -t + 1 - t - t + 3. List the prime factors of n(-4).
2
Suppose 5*s - 3*s + 4*c - 14 = 0, 3*s = -c + 21. Suppose s*z - z - 48 = 0. Suppose 14*h + z = 18*h. List the prime factors of h.
2
Suppose 1087 = 3*p + 4*t, 5 = 3*p - 4*t - 1098. List the prime factors of p.
5, 73
What are the prime factors of (16/48)/((-2)/(-4146))?
691
What are the prime factors of (-1 + 78/30)*(-1485)/(-2)?
2, 3, 11
Let i be (-3)/(-5) - 24/(-10). Suppose -c - 5*c - 84 = 0. What are the prime factors of 25/i - c/21?
3
Let t(h) = -62*h**3 - h**2 + 2*h. Let i be t(2). Let f = i + 714. Suppose -5*x - 48 = 2*o - f, -2*x + 54 = -2*o. What are the prime factors of x?
2
Suppose 0 = -2*k - j, -5*j = 4*k - 0*k - 6. Let q be (56/21)/(2/12). Let n = q - k. What are the prime factors of n?
17
Suppose g = 2*g + 3, 3*f - 2391 = -3*g. What are the prime factors of f?
2, 5
Suppose 46571 + 27833 = 44*t. What are the prime factors of t?
19, 89
Let h(l) = -l**2 - 21*l + 5. Let t be h(-21). Suppose 2*x - 107 = -3*g, 59 = g - t*x + 12. List the prime factors of g.
37
Let q = 20 - 16. Let b be (-568)/(-20) - q/10. Suppose 0 = 2*i - 4*u - b, 4*i + 6*u - 62 = 8*u. List the prime factors of i.
2
Let l(y) = 4*y**2 - 19 + 0*y**2 - 3*y**2 - 4*y + 10. Let o be l(10). Suppose 5*h - o = h + 3*q, -5*q - 53 = -4*h. What are the prime factors of h?
2, 3
Let j be 8 - (-2 + 11 + -4). Let c(x) = 2*x**3 + 2*x**2 + x + 4. Let f be c(4). Suppose j*n = -n + f. What are the prime factors of n?
2, 3, 7
Let a be -87*(10/6 + -2). Let k = a + -36. Let r = 32 - k. What are the prime factors of r?
3, 13
Suppose 5*f - 8790 = -2*a, -19*a = -16*a. What are the prime factors of f?
2, 3, 293
Let o(z) = z**2 - 11*z - 18. Let w be o(13). Let i be w/(-12) - 92/(-12). Suppose 6*b - 155 = i. What are the prime factors of b?
3
Let a be 4/(-10) - (-16)/40. Let f(r) be the third derivative of r**5/60 + 5*r**3/3 + 8*r**2. List the prime factors of f(a).
2, 5
Let r(g) = -4*g**2 - 2*g + 516. What are the prime factors of r(0)?
2, 3, 43
Let b = 417 - 378. What are the prime factors of b?
3, 13
Let c(s) = 83*s**2 - 2*s - 11. List the prime factors of c(-2).
5, 13
Let k be (-10)/(-4) - (-1)/(-2). Let j(c) = 5*c - 4. Let r be j(k). What are the prime factors of 7/(7/2) + r?
2
Let z be (86/(-6))/((-10)/(-30)). Suppose 4*c + 12 = -0*c. List the prime factors of 6/9 + z/c.
3, 5
Let m(p) = 25*p - 584. List the prime factors of m(43).
491
Let f = 44 + 50. Let i be (-155)/(-3) + ((-5)/(-15) - 0). Let q = f - i. What are the prime factors of q?
2, 3, 7
Let o = 440 + 79. List the prime factors of o.
3, 173
Let p(m) = 23*m**2 + 21*m - 13. What are the prime factors of p(-17)?
6277
What are the prime factors of (-6578)/(-3) + (450/(-54))/(-25)?
3, 17, 43
Let h = 3079 - 2123. List the prime factors of h.
2, 239
Let t be (27 - 7)*2/4. Suppose y - 1 = -g + 4*g, -2*g - t = -3*y. Suppose -5*w + 101 = 3*a, y*w - 4*a + a - 70 = 0. What are the prime factors of w?
19
Suppose -31 = 4*m - 9*m + 3*j, 2*m - 4*j = 18. Suppose p + 56 = m*p. What are the prime factors of p?
2, 7
Let c(n) = 32*n**2 + 0*n + 11*n**2 + n. Suppose 3*j - 9 = 14*q - 17*q, 0 = -2*j + 3*q - 4. What are the prime factors of c(j)?
2, 11
Let s(x) = 1 + 4*x + 29*x**2 + 2*x - 4*x + 0*x. Let d be s(2). Suppose 49 = 5*g - d. What are the prime factors of g?
2, 17
Suppose -5*a + 5870 = 3*f, -5*f = 2*a - a - 9820. What are the prime factors of f?
3, 5, 131
What are the prime factors of 6690/(-12)*544/(-85)?
2, 223
Suppose 4*g = 3*l - 18, 3*g = 2*l - 0*g - 12. Suppose 0 = -l*m + 2*m + 132. List the prime factors of m.
3, 11
Let q(u) = 5*u**3 + u**2 - 2*u - 1. Let c(n) = -n**3 + 5*n**2 - 3*n - 2. Let w be c(4). What are the prime factors of q(w)?
3, 13
Suppose 28 + 0 = 4*c. Suppose -513 = -c*o + 131. What are the prime factors of o?
2, 23
Suppose -5*p + 124 = -781. Let g = p + -25. List the prime factors of g.
2, 3, 13
Suppose 1137 = 10*c - 7*c. Let w = c + -249. What are the prime factors of w?
2, 5, 13
Let d be (60/(-8))/((-3)/8). Let a = d - 12. Suppose 0 = 2*k - y - 2, -4*k + a*k - 5*y = -8. List the prime factors of k.
3
Let z = 359 - 344. Let h(n) = n + 3. Let j be h(3). Suppose j*o - o = z. What are the prime factors of o?
3
Let m = 5339 - 2201. What are the prime factors of m?
2, 3, 523
Let c(j) = -5*j**3 - 10*j**2 - 3*j - 3. Let l(r) = -r**3 - r**2 - r. Let t(w) = -c(w) + 4*l(w). Suppose 31 - 7 = -4*s. What are the prime factors of t(s)?
3
Let m(w) = 22*w**2 - 21*w**2 + 21*w**2 + 22*w**2 + 2 - 4*w. Let j be m(2). Suppose -j = -5*z - 0*z. What are the prime factors of z?
2, 17
Let l be 6/(-18)*-15*1. Suppose -5*f + 26 = 2*q - l, 0 = 5*f - q - 22. Suppose -f*p + 2*h + 76 = 0, -56 = -4*p + 3*h + h. What are the prime factors of p?
2
Let m(y) = -5*y - 5. Let r be (-3)/15 - (-18)/(-10). Let n be m(r). List the prime factors of n/(10/52) - 3.
23
Suppose 0*q = -6*q. Suppose i - 4*i - g + 175 = q, -i + 2*g + 49 = 0. What are the prime factors of i?
3, 19
Let m(a) = 3*a - 3. Let f be m(-3). Let n be 2*1 + f/(-6). Suppose n*y - 58 = 2*y. What are the prime factors of y?
29
Let t(g) = 17*g - 14. Let b(c) = c**2 - 5*c - 5. Let u be b(5). Let q(l) = -25*l + 21. Let d(z) = u*q(z) - 7*t(z). What are the prime factors of d(5)?
23
Let i(l) = -4*l**2 - 90*l - 5. What are the prime factors of i(-19)?
3, 29
Let v(p) = p**3 + 21*p**2 - 18*p + 11. List the prime factors of v(-21).
389
Let c be (-4 - (-14)/5)*25. Let p = 29 - c. What are the prime factors of p?
59
Let h be 53/11 + (-12)/(-66). Suppose q = -3*o - 3, -h*q = -3*q - o - 1. Suppose q = -5*t + 14 + 1. What are the prime factors of t?
3
Suppose -y - 5*u + 36 = 0, 18 = -0*y + y - u. Suppose 2*s - 104 = 18. Let d = s - y. List the prime factors of d.
2, 5
Suppose 4*m + 5*j - 2294 = 0, 3*j = 10*m - 13*m + 1722. What are the prime factors of m?
2, 3
Let a be (-595)/(-51) - 4/6. Let y = 95 + a. What are the prime factors of y?
2, 53
Suppose -10*b - 2*m - 15864 = -14*b, -5*b - 4*m = -19830. What are the prime factors of b?
2, 3, 661
Suppose -3*x = -7*x + 5*c + 2341, 586 = x - 2*c. Suppose 0 = 16*i - 20*i + x. List the prime factors of i.
2, 73
List the prime factors of (-3)/18*-4 + 2996/6.
2, 5
Let m(l) = -l + 15. Let f be m(-26). Suppose -272 = 39*x - f*x. What are the prime factors of x?
2, 17
Let b(d) = 7*d**2 - 2*d + 13. Let q(f) = -13*f**2 + 3*f - 25. Let o(i) = -11*b(i) - 6*q(i). List the prime factors of o(-3).
2
Let d = 4005 - 2450. What are the prime factors of d?
5, 311
Let u(z) = 8*z**2 - 27*z - 4. Let n = -16 + 22. What ar